001 - 2?
-112010
In base 11, what is -8709 - 4?
-8712
In base 9, what is -604 + 0?
-604
In base 6, what is 10 + 1223?
1233
In base 9, what is -5 - 12?
-17
In base 10, what is 6 - -114?
120
In base 11, what is -66a - 1?
-670
In base 11, what is -6a + 1?
-69
In base 8, what is 11056 + -2?
11054
In base 4, what is -11 + -1122?
-1133
In base 11, what is -1 - -58?
57
In base 4, what is -22 + -10?
-32
In base 6, what is 5 - 125?
-120
In base 11, what is -3 + 161?
159
In base 11, what is -2a - 3?
-32
In base 2, what is -10101 + 110111001?
110100100
In base 14, what is -3 - -5a?
57
In base 4, what is 23 + 13?
102
In base 8, what is 156 + -11?
145
In base 5, what is 42214 - -1?
42220
In base 13, what is 384 - a?
377
In base 6, what is 11 + 31511?
31522
In base 6, what is 2 + 101?
103
In base 8, what is 727 + 3?
732
In base 14, what is -1 + 3?
2
In base 4, what is -33023 + -11?
-33100
In base 9, what is -5 - -3?
-2
In base 15, what is -58 - 0?
-58
In base 13, what is 369b - 5?
3696
In base 13, what is 17 - -3?
1a
In base 13, what is 35 + -116?
-b1
In base 7, what is -11300 + -4?
-11304
In base 7, what is 153 - 1?
152
In base 3, what is 102212 - 2?
102210
In base 5, what is -13 + 110?
42
In base 7, what is -5 + -21?
-26
In base 3, what is 2 + -2?
0
In base 8, what is -17 + 41?
22
In base 15, what is d2 - 32?
a0
In base 2, what is -100111 + -1000111?
-1101110
In base 5, what is 3231 - -10?
3241
In base 12, what is 23 - 1b3?
-190
In base 7, what is 2 - -13?
15
In base 7, what is -3 - -15064?
15061
In base 7, what is -13 - 12?
-25
In base 10, what is 44932 + 2?
44934
In base 2, what is -101100001 - -1001?
-101011000
In base 15, what is -2 - -c?
a
In base 13, what is -5 - -41?
39
In base 6, what is 234 + -5?
225
In base 16, what is b + 6?
11
In base 14, what is 1b - -1?
1c
In base 15, what is -4 - ed2?
-ed6
In base 13, what is 60 + -4?
59
In base 6, what is -1 - -130?
125
In base 9, what is -3 + 15?
12
In base 14, what is -2 + 79?
77
In base 9, what is 2 + 1887?
2000
In base 8, what is 5 - 11?
-4
In base 5, what is -10 + 233?
223
In base 4, what is -211132 - -11?
-211121
In base 2, what is -101 + 10000?
1011
In base 11, what is 0 - -129?
129
In base 15, what is -10 - 1?
-11
In base 8, what is -10600 + -1?
-10601
In base 9, what is -336 - -3?
-333
In base 13, what is 25 + 176?
19b
In base 6, what is 135 - 24?
111
In base 10, what is -164 - 4?
-168
In base 12, what is -3b2a + 5?
-3b25
In base 16, what is 18b - 4?
187
In base 5, what is -10 - -13?
3
In base 6, what is 20 + -1?
15
In base 10, what is 0 - -41?
41
In base 9, what is 1027 + -7?
1020
In base 14, what is -227 - 0?
-227
In base 2, what is 100 + -1110111?
-1110011
In base 4, what is 0 + -131133?
-131133
In base 5, what is 3342 + -2?
3340
In base 16, what is d - 1?
c
In base 4, what is -10011 - -2?
-10003
In base 16, what is 3f + -4?
3b
In base 11, what is -1591 - -16?
-1576
In base 13, what is 30ba - 1?
30b9
In base 9, what is 5 - 80?
-74
In base 8, what is -125 - -15?
-110
In base 6, what is -2102 - 5?
-2111
In base 10, what is 55 + -3?
52
In base 5, what is -42 - 24?
-121
In base 5, what is 32 - -143?
230
In base 8, what is 3 + -341?
-336
In base 9, what is 336 - 11?
325
In base 11, what is -5 - -18?
13
In base 12, what is 4 + -b77?
-b73
In base 12, what is -15 - 9?
-22
In base 11, what is 1 + 180?
181
In base 14, what is -6 - -20a4?
209c
In base 4, what is 3122 + -1?
3121
In base 9, what is -2258 - 2?
-2261
In base 7, what is -25504 - -2?
-25502
In base 9, what is 4 - -80?
84
In base 12, what is b - 578?
-569
In base 10, what is -3153 - -3?
-3150
In base 7, what is -3016 - 4?
-3023
In base 6, what is 1 - -135?
140
In base 10, what is 384 - 4?
380
In base 9, what is 1 + 2862?
2863
In base 10, what is -2 - -3778?
3776
In base 6, what is -1 - 3251?
-3252
In base 13, what is -188 - 5?
-190
In base 7, what is -1224 + 2?
-1222
In base 12, what is 8 + -10?
-4
In base 8, what is 6354 + 3?
6357
In base 11, what is -366 - 4?
-36a
In base 15, what is 5 + 867?
86c
In base 4, what is -12030 - -100?
-11330
In base 10, what is -1 - -71?
70
In base 8, what is 3 + -164?
-161
In base 15, what is 52 - 1?
51
In base 4, what is -102200 + 12?
-102122
In base 11, what is -1a81 + -5?
-1a86
In base 10, what is -1 + -39?
-40
In base 16, what is 10e + 9?
117
In base 3, what is -1000011012 + 2?
-1000011010
In base 14, what is -251 - -4?
-24b
In base 2, what is 111111 + 1111?
1001110
In base 16, what is 31 + b?
3c
In base 13, what is -a + -355?
-362
In base 15, what is 9 - 92?
-88
In base 15, what is -2 + -5b?
-5d
In base 13, what is -6 - 64?
-6a
In base 4, what is -20100 + -3?
-20103
In base 14, what is -c + 19?
b
In base 2, what is -1001 + -1001010000?
-1001011001
In base 15, what is -8 + -7?
-10
In base 6, what is 1550 + -101?
1445
In base 9, what is 107 - 1?
106
In base 8, what is 17 + -31?
-12
In base 6, what is -103 + -4004?
-4111
In base 14, what is a + -11?
-5
In base 14, what is 1 + -128?
-127
In base 3, what is 1012120 + -1?
1012112
In base 7, what is 1650 + 1?
1651
In base 6, what is 2 - -152?
154
In base 12, what is -a + 16?
8
In base 3, what is 1220 - -1100?
10020
In base 7, what is -213 + -24?
-240
In base 12, what is 7 + 20?
27
In base 10, what is -9632 - 1?
-9633
In base 2, what is -1011011011 - 100111?
-1100000010
In base 13, what is 1 + -12?
-11
In base 3, what is 2012102 - -12?
2012121
In base 14, what is -3 - -2a?
27
In base 7, what is 41 - 0?
41
In base 5, what is 22420 + 0?
22420
In base 4, what is -1312 + 1?
-1311
In base 8, what is 2352 + -4?
2346
In base 11, what is -2 - 25a?
-261
In base 8, what is -1 - 2161?
-2162
In base 9, what is 4 - -52?
56
In base 3, what is -2202210 - 1?
-2202211
In base 8, what is 644 - -2?
646
In base 14, what is -14a - 3b?
-187
In base 11, what is 2a8 + -1?
2a7
In base 5, what is -1234 + 1?
-1233
In base 11, what is 0 - -353?
353
In base 13, what is -192 + -8?
-19a
In base 3, what is 11100200 + 12?
11100212
In base 6, what is 2015 + -122?
1453
In base 16, what is 4 + -129?
-125
In base 10, what is 4 + 1?
5
In base 7, what is -10352 + -2?
-10354
In base 3, what is 12 - 101?
-12
In base 8, what is -2 - 23?
-25
In base 15, what is -5 - 19e?
-1a4
In base 9, what is 746 + -6?
740
In base 2, what is 1000001101 + -111?
1000000110
In base 8, what is -2 - -436?
434
In base 15, what is -5 + -6?
-b
In base 3, what is 10001 - -12?
10020
In base 5, what is -1 - 22?
-23
In base 5, what is 1110 - 1?
1104
In base 2, what is 1100 - 100000001?
-11110101
In base 7, what is -3 + -105?
-111
In base 5, what is 2 + 132?
134
In base 16, what is -1 - 7?
-8
In base 14, what is 1293 - -4?
1297
In base 8, what is 1 - -21?
22
In base 15, what is -4 + 5d?
59
In base 6, what is 100453 - 4?
100445
In base 3, what is 2102 + 22211?
102020
In base 15, what is -5 - -a37?
a32
In base 9, what is 4 + -34?
-30
In base 11, what is -4 - 259?
-262
In base 14, what is -5364 + -2?
-5366
In base 13, what is -5 - 111?
-116
In base 16, what is -1 - -301?
300
In base 13, what is -4 - a97?
-a9b
In base 12, what is 6a2 - -5?
6a7
In base 12, what is 68 + 26?
92
In base 3, what is -112122012 - 1?
-112122020
In base 7, what is -1355 + -4?
-1362
In base 12, what is -2 + -1559?
-155b
In base 9, what is -1365 - -4?
-1361
In base 16, what is 7 - 14d?
-146
In base 14, what is -12 - -7?
-9
In base 6, what is 10100 - -5?
10105
In base 4, what is -3132 + -10?
-3202
In base 10, what is -24 + 14?
-10
In base 12, what is -27 + 41?
16
In base 9, what is -1 - -18?
17
In base 16, what is 505 + 4?
509
In base 16, what is 1 + 4e?
4f
In base 8, what is 723 - 1?
722
In base 4, what is -3200 + 3?
-3131
In base 16, what is 2bc - 5?
2b7
In base 10, what is -13 + 454?
441
In base 12, what is 40 - 5?
37
In base 7, what is -2026 - 2?
-2031
In base 15, what is -6d - -ca?
5c
In base 10, what is 3 + 38?
41
In base 11, what is -33 + 8?
-26
In base 13, what is -3 - -854?
851
In base 12, what is 4b - -18?
67
In base 8, what is -143 + 7?
-134
In base 2, what is 1101 - -10100?
100001
In base 15, what is -4 + 23?
1e
In base 9, what is 444 + -7?
436
In base 2, what is 10000001 - 11011?
1100110
In base 11, what is -6 + 536?
530
In base 16, what is 14 - -8?
1c
In base 5, what is 10 + -123144?
-123134
In base 9, what is -4 + 211?
206
In base 3, what is 101020 